*y, 3*n + 0*y + 3*y = -27. Is (-27)/18*844/n composite?
False
Suppose j + 13 = 5*h - 6, 4*h = 5*j + 11. Suppose -h*n + 1926 = 2*n. Is n composite?
True
Let i be (3 + 0/(-4))*2. Suppose -v = -4*v + i. Is (8 + 146)*v/4 a composite number?
True
Is 22318 + 26 - (2 - -1 - 2) a composite number?
False
Let c(i) = 572*i**3 + 3*i**2 - 6*i - 2. Is c(3) composite?
False
Suppose -3*o + 3*f = 2*f - 13, -2*f = -o + 1. Suppose -2*m - 6 = -o*m. Suppose 0 = -2*c - 3*c + m*u + 781, 4*c = 4*u + 632. Is c a prime number?
False
Let m(z) = z**2 + z. Let c be m(-2). Suppose 5*n - 2707 = -4*v, -3*v - v - c*n = -2722. Is v prime?
True
Let g(h) = -2*h + 14*h**2 + 1 - 6 + 1 + 3*h. Let j = 3 + -6. Is g(j) prime?
False
Let k = 46 + -46. Suppose s + r - 231 - 400 = k, -2*r = 5*s - 3155. Is s composite?
False
Suppose 7*q + 188 = 41. Let u = 272 - q. Is u a composite number?
False
Is 12/10*20*35971/156 a prime number?
False
Suppose 3*w - 2*d - 110847 = 0, 5*d - 184745 = -5*w + 2*d. Is w composite?
True
Suppose -r = -2*r - 1. Let u be 3/3 + (0 - r). Suppose 1473 = 5*j - u*j. Is j prime?
True
Let u = 1558 + -1070. Is u/1 + -1 + 2/(-1) composite?
True
Let r(t) = 7*t**2 + 58*t + 61. Is r(-30) a composite number?
False
Suppose -11*r + 10805 = -10*r. Is r a composite number?
True
Let f be 8 + -6 - (-1)/(1/4909). Suppose 0 = -30*u + 33*u - f. Is u a composite number?
False
Suppose -7*w + 12*w = 185. Is w prime?
True
Let z = 10 - 6. Suppose -9*w + 4*w + z = -3*r, 3*w - 6 = 0. Suppose r*u - u = 46. Is u a composite number?
True
Suppose 0 = -2*y - 2*n + 80386, -7*n = -2*n + 10. Is y a prime number?
False
Let p(m) = 14*m - 16*m + 5 - 4 + 119*m**2. Is p(-2) a composite number?
True
Suppose 2*a = -2*h + 1 + 15, -4*h + 8 = -2*a. Suppose -2*u = -h*x - 6*u + 4668, -u = -x + 1167. Suppose 2*j = 5*j - x. Is j a composite number?
False
Let d(l) = -l + 9. Let q be d(4). Suppose -q*t = -1347 - 328. Is t composite?
True
Let y be (-6)/(-8) - (-20)/80. Is ((-998)/1)/(-1 - y) a composite number?
False
Let u = -118 - 11. Let a be (6 + (-22)/4)/(4/2816). Let b = a + u. Is b a prime number?
True
Let u(k) = 6*k**2 + 2*k + 15. Let p(m) = 7*m**2 + m + 14. Let b(g) = 4*p(g) - 3*u(g). Is b(5) prime?
True
Let y(t) = -3*t**3 - 5*t**2 - 4*t - 1. Let r = -21 - -23. Suppose -8*i + 3*i - 4*d - 37 = 0, 3*d = -r*i - 19. Is y(i) a composite number?
False
Let z(k) = -286*k - 1. Let t be z(1). Let j = t + 658. Is j composite?
True
Let b = 2105 + -57. Let d = b - 1413. Is d prime?
False
Suppose -o - 5*x - 178 = -3225, 2*x = 4*o - 12078. Is o prime?
False
Is (-7045)/(-2)*(308/(-55))/(-14) composite?
False
Let a(f) = 3*f**3 - 25*f**2 + 10*f - 7. Is a(18) prime?
False
Let m be 1/2 - (0 - (-3)/6). Suppose -3*y + 3 = 0, 2*y + m*y + 2875 = 3*z. Is z composite?
True
Let n = 19146 - -11975. Is n a prime number?
True
Let n(z) = -z**2 - 6*z + 92. Let f be n(0). Suppose 0 = 10*t - 10578 - f. Is t a prime number?
False
Suppose 5*y + 1113 = 4*t - 0*t, 4*t - y = 1125. Let v = 1431 - t. Is v a prime number?
False
Suppose 25 = 3*j - 4*p, 0 = -j - 2*p - 6 + 1. Is (-12622)/(-20) - j/30 a prime number?
True
Is (-12)/2 - (31 + -33) - -39753 a composite number?
False
Let p(c) be the first derivative of 5*c**2 + 2*c - 4. Let a be p(6). Suppose 4*m - a = 1110. Is m composite?
False
Let y(t) = -t**2 + 8*t + 56629. Is y(0) composite?
False
Let y(t) be the first derivative of 5*t**3/3 + 19*t**2/2 - t - 30. Is y(18) composite?
True
Let x be 9 + 6/(-21) + 52/(-14). Is (25206/(11 - x))/1 composite?
False
Let h = -1641 + 2432. Is h a prime number?
False
Suppose -2*z + 5*d - 4 = 0, 2*z + 5 = 4*d + 3. Suppose -m - y = -43 - 85, 382 = z*m + y. Is m a prime number?
True
Let h(f) = -f**3 - 13*f**2 - 9*f - 83. Is h(-22) composite?
True
Suppose -3*z + 6015 + 9912 = 0. Suppose 0 = 4*v + 3*h - 7957, -2*v + z - 1318 = -h. Is v a composite number?
False
Suppose 4*u - 6 = 2*s, -7 = -u + 4*s + 12. Let z be 3740 + u + -10 + 6. Is z/81 - (-1)/(-9) composite?
True
Suppose 11*v = -13869 + 51489. Let u = v + -1781. Is u prime?
False
Suppose 0 = 14*z - 7087 - 8061. Is z a prime number?
False
Is 7/(4 - -3) + (-1 - -1709) a prime number?
True
Suppose 4*p + 4*x = 3160, 3945 = 5*p - 0*x + 4*x. Is p a composite number?
True
Suppose 5*b - 32699 = -2*v, -3*v - b + 83853 = 34785. Is v a prime number?
False
Let q(t) = t**2 - t - 4. Let h be q(3). Let a be 6/(-1) - (h - 1). Let w(r) = -14*r - 4. Is w(a) a composite number?
True
Suppose 42*a - 269310 = 221124. Is a a composite number?
False
Let w(k) = 42*k**2 - 27*k - 16. Is w(-15) composite?
False
Let m(q) = 182*q + 149. Is m(15) a prime number?
True
Suppose 7*k + 181034 = 21*k. Is k a composite number?
True
Let i = 1 + 1096. Let d(z) = -67*z**2 + z + 2. Let o be d(-3). Let w = i + o. Is w a prime number?
False
Let y be (-100)/(-15) - 4/6. Let u(h) = h**3 - 7*h**2 + 5*h + 6. Let o be u(y). Suppose o*a + 1570 = 2*a. Is a prime?
False
Let k = -1233 + 23666. Is k composite?
False
Let v(d) = 19*d**2 - 2*d + 2. Let t(a) = -a**3 - 8*a**2 - 8*a - 2. Let u be t(-7). Is v(u) a composite number?
False
Let v(p) = -474*p**3 + 2*p**2 + 14*p + 4. Is v(-3) prime?
False
Is (24498/(-24))/(3*(-2)/16) a prime number?
False
Let k(i) be the second derivative of i**4/12 + i**3/2 + i**2 - 2*i. Let c be k(6). Is (c - (-6)/2)*3 a composite number?
True
Suppose 0 = 3*l - j - 23612, j + j = 2*l - 15740. Is l prime?
False
Suppose -3*j + 1639 = -32180. Is j composite?
False
Suppose -6*q - 1348 = -8086. Let i = q - 510. Is i prime?
True
Suppose -d + 2*i + 1749 = 0, 2*d + i + 3513 = 4*d. Is d prime?
True
Suppose 1396 = 2*b - 164. Suppose 3*s + 2*s = -5*x + b, 5*s + 5 = 0. Is x composite?
False
Let n(l) = 0*l - 11*l**3 - 4 - 3*l**2 - 5*l - 2*l - 10*l**3. Is n(-3) prime?
True
Suppose 1325 = 5*q - 0*q. Suppose -23*a + 28*a = 940. Let m = q - a. Is m a prime number?
False
Let a(m) = -119*m + 40. Is a(-14) composite?
True
Let y be (-3 + 4000/(-4))*-1. Suppose 5*l - 1464 = z, -z - y = -3*l - 125. Is l a composite number?
False
Let i(j) = j**2 + 13*j - 2. Let k be i(-12). Let v = 39 - k. Suppose 4*f - v = 3*f. Is f a prime number?
True
Let m be 2/(-2*3/(-372)). Suppose 0 = -3*v + m - 403. Let h = 202 + v. Is h a composite number?
False
Let i(m) = -m + 41. Let u be i(21). Suppose 0 = -x + u + 33. Is x a composite number?
False
Let b be ((-80)/15)/((-2)/(-402)). Let t = 427 + b. Let y = t + 1016. Is y a composite number?
True
Suppose 850719 - 2257739 = -20*a. Is a prime?
True
Let n(u) = u**3 + 3*u**2 - 7*u - 17. Let g be n(-3). Is g/(-18) - 123811/(-153) prime?
True
Suppose 19359 = 4*o + 6215. Suppose 0 = 4*u - 3342 - o. Is u a composite number?
False
Let h(s) = 324*s**2 - 6*s + 10. Let y be h(-6). Suppose 4*j + 1402 = y. Is j a composite number?
True
Let u be (-828)/161 + (-2)/(-14). Let t(l) be the first derivative of -29*l**2/2 + 4*l - 3. Is t(u) a prime number?
True
Suppose -3*y + 34237 + 25584 = -q, 20 = -5*q. Is y prime?
False
Let d be 192*((-772)/(-12) + 3). Suppose c - 5*o = -3*c + d, -16131 = -5*c - o. Is c a composite number?
True
Let x be ((-28)/(-6))/(1/(-3)). Let r be x/6 + (-1)/(-3). Is ((-54)/45)/(r/265) a composite number?
True
Suppose -5*i = 39 - 59. Suppose -i*m + 4*y = -1004, -3*m - 2*m + 4*y = -1257. Is m composite?
True
Let r be (-3)/2 - (-3486)/4. Suppose 2*z - r = -z. Suppose h = -4*l + 101, 0*h + l = 3*h - z. Is h a prime number?
True
Let l = 410 + 393. Is l a prime number?
False
Let b(j) = -52*j - 3. Let d be 1/(-4)*816/(-12). Let w = d - 22. Is b(w) a composite number?
False
Suppose 3*b - 8*b + 5*x + 15 = 0, 2*b = -2*x + 10. Suppose -5*t + 4*t - b = 0, 5*m = 2*t + 2773. Is m composite?
True
Suppose 0*r = 6*r - 18. Is 616/3 + (-2)/18*r a prime number?
False
Let o be (-104)/(-28) + (-4)/(-14). Let p be (o/(-3))/(2/(-3)). Is ((-2)/p)/((-4)/36) a composite number?
True
Let o(q) = 2*q**2 - 9*q + 2. Let t(a) = -a**2 + 4*a + 1. Let f be (-2)/(-3)*(-3)/(-1). Let n be t(f). Is o(n) composite?
False
Suppose 0 = 2*r + 6, -4*r + 519 = -4*o + 5975. Is o a composite number?
False
Let x(w) be the first derivative of -w**4/4 + w**3/3 + w**2/2 - w - 12. Let a(f) = f**3 + 11*f**2 + 13*f + 7. Let p(m) = a(m) + 2*x(m). Is p(14) prime?
True
Suppose -9 = 4*m + 27. Let d = m + 30. Suppose -k = -2*k - 4*s + 7, 3*k + s - d = 0. Is k prime?
True
Suppose -35 = -